*w - m = -w. Let h = w - -7. Calculate the highest common divisor of 90 and h.
9
Let d be 1/2 - (-15)/2. Calculate the highest common divisor of 16 and d.
8
Suppose 0*q = 4*q. Suppose q = -3*z + 137 + 115. What is the highest common divisor of 12 and z?
12
Let u = 23 - 7. Calculate the greatest common divisor of u and 16.
16
Let o be (0 - 72/5)*-5. Let p(w) = -9*w + 4. Let c be p(4). Let m = c + o. Calculate the greatest common divisor of m and 16.
8
Let q be 14/7*(-2)/(-4). Suppose -3*z + 2 + 1 = 0. What is the highest common divisor of q and z?
1
Suppose 2*o - 35 = -3*o. Let c(s) = 4*s**2 - 7*s + 5. Let v be c(o). Let y be (0/(-1) - 19)*-1. Calculate the highest common divisor of y and v.
19
Suppose 2*z - 1 = -19. Let o = z + 14. Calculate the highest common divisor of o and 25.
5
Suppose -220 = -2*k - 5*t, -4*k + 0*k + 3*t = -440. Suppose -r - 4*r = -k. What is the highest common divisor of r and 110?
22
Let p be 54/81 - (2 - 46/3). Calculate the highest common factor of p and 154.
14
Let r(d) = -d**3 - 15*d**2 + 10*d - 18. Let o be r(-16). Calculate the highest common factor of 26 and o.
26
Let t(o) = -o**3 + 9*o**2 + 3*o - 3. Let j be t(9). Let x = 7 - 4. Calculate the highest common factor of j and x.
3
Let b = 18 + -9. What is the greatest common factor of b and 243?
9
Let a be (1 - 21)*(1 - 5). Calculate the greatest common factor of a and 10.
10
Let b = 8 - 3. Suppose 8 = b*h - 22. Let i be 2/4 + 176/32. What is the highest common factor of i and h?
6
Let m be (-267)/(-18) - (-3)/18. Calculate the greatest common divisor of 6 and m.
3
Let h(i) = 20*i - 28. Let m be h(7). Let u = 51 + -35. Calculate the highest common divisor of u and m.
16
Let x be ((-6)/10)/(1/(-5)). Suppose -x = -3*f + 27. Suppose -74 = -4*l + 366. Calculate the greatest common factor of f and l.
10
Let x = 3 + 2. Suppose 32 = x*i - 8. Suppose -i = -2*y + 32. Calculate the highest common factor of y and 5.
5
Suppose -2*r = -5*r + 12. Let c(j) = -j**2 + 6*j. Let w be c(4). What is the highest common divisor of r and w?
4
Let b be 2/3*(-1 - -4). Suppose -b*s + 105 = s. Let o(w) = 7*w. Let a be o(2). What is the greatest common factor of s and a?
7
Let d be (-2 + 0)*(-78)/4. Let w be 1 - 1 - (-10 - 3). What is the greatest common divisor of w and d?
13
Suppose i - 4*i = -4*g - 41, 2*g - 62 = -4*i. Let w be 375/(-20)*(-5 + 1). What is the highest common divisor of w and i?
15
Let p = 30 - 21. Let a be (-4)/(-18) + 493/p. Calculate the greatest common factor of a and 11.
11
Let v be (-2)/(-5) - 46/(-10). Let i(s) = -8*s - 65. Let r be i(-15). What is the highest common divisor of r and v?
5
Let v(h) = 11*h**2 + h - 2. Let t be v(3). Let x = t - 51. Suppose -d - 36 = -3*o - 4*d, 0 = 2*o - 4*d + 6. What is the highest common factor of x and o?
7
Suppose -19*d + 17*d + 154 = 0. What is the highest common divisor of 7 and d?
7
Suppose -2*r + 6*r - 156 = 0. What is the greatest common factor of r and 13?
13
Let u = -47 + 61. Calculate the greatest common factor of u and 28.
14
Suppose 66 = p + 2*o, -4*o - 48 = -3*p + 2*p. Calculate the greatest common divisor of 12 and p.
12
Suppose -3*v + 3*g + g + 32 = 0, -62 = -5*v - 2*g. Calculate the greatest common factor of 6 and v.
6
Let y(l) = -l**3 - 3*l**2 + 5*l + 7. Let z be y(-7). Let g = 13 + -24. Let j = g + 35. What is the highest common factor of j and z?
24
Let l(o) = o**2 + 13*o + 5. Let a be l(-13). Calculate the highest common divisor of a and 35.
5
Let t = -1 - -19. Calculate the greatest common divisor of 6 and t.
6
Let u be 1/(-4) + 45/20. Calculate the highest common factor of u and 10.
2
Let c be (-112)/(-5) - 6/15. Let w(i) = -i**3 - 8*i**2 - 6*i - 15. Let d be w(-8). What is the highest common factor of c and d?
11
Let p(s) = 9*s - 37. Let f be p(5). Suppose 2*o = -1 + 9. Calculate the highest common factor of o and f.
4
Suppose 4*o - 399 - 97 = 0. Let w be 20/(2 - (0 - -1)). Let l = o + w. Calculate the greatest common divisor of l and 18.
18
Suppose -4*o + 64 = -2*o. Calculate the highest common factor of o and 80.
16
Suppose 11 = 2*q + t, 2*q + t - 31 = 4*t. What is the greatest common factor of 40 and q?
8
Let j be 167 - 1*4/(-4). Calculate the highest common divisor of j and 21.
21
Suppose -4*h + 108 = -3*t, 3 = 2*h - 2*t - 53. Calculate the greatest common divisor of h and 72.
24
Let z(r) = 2*r - 12 - 3*r - 2*r. Suppose -2*b + 4*b = -18. Let x be z(b). What is the greatest common factor of x and 105?
15
Suppose -40 - 24 = -4*g. Calculate the highest common divisor of 112 and g.
16
Let m(z) be the second derivative of -z**3/6 + 11*z**2/2 - 5*z. Let u be m(-9). Calculate the greatest common divisor of 60 and u.
20
Let b = 98 - 54. Calculate the highest common divisor of b and 33.
11
Let u(d) = 24*d**2 + 1. Let x be u(1). Let h(m) = -m. Let k be h(-8). Let b = -3 + k. What is the greatest common factor of b and x?
5
Suppose 1 = r - 4. Let h(v) = -5*v + 2*v + v**2 + 1 - r. Let m be h(5). What is the highest common divisor of 24 and m?
6
Let n = 55 + 45. Let v(d) = -d**2 - 12*d + 8. Let i be v(-8). What is the greatest common divisor of n and i?
20
Suppose 0 = -5*x + 178 + 182. Calculate the highest common divisor of x and 120.
24
Let t = 79 + -55. Calculate the highest common divisor of 3 and t.
3
Suppose -2*n + 3*f = -0*n - 148, -2*f - 152 = -2*n. Let g = -45 + 61. What is the highest common factor of g and n?
16
Let u(s) = 159*s**3 + s**2 - 2*s + 2. Let w be u(1). Calculate the greatest common factor of w and 64.
32
Let y = 8 - 0. Let i be 12*(3 - 6/y). What is the highest common divisor of 3 and i?
3
Suppose 0 = 5*o - s + 19, 4*s = -3*o + o - 12. Let j be (-2)/(-4) - 90/o. Let y = j - 1. Calculate the greatest common divisor of 55 and y.
11
Let a be 23 - -1 - 4/1. Let i(b) = b**3 + 6*b**2 - b + 2. Let l be i(-6). Calculate the greatest common divisor of a and l.
4
Let f(c) = -c**3 + 4*c**2 - c + 4. Let v be f(4). Let t be 116/6 + 2/(-6). Suppose v = 2*h + 3 - t. What is the greatest common divisor of h and 64?
8
Let p = 223 + -133. Let w = -23 - -41. What is the highest common factor of w and p?
18
Suppose 4*s = 2*u - 196, -3*u - 472 = -8*u + 4*s. Let j = u - 66. Let p be (2 - (-1 + 5)) + j. What is the greatest common factor of p and 16?
8
Let s be ((-14)/(-5))/((-3246)/(-360) - 9). Calculate the highest common factor of 24 and s.
24
Suppose -5*v = -5*g + 175, -3*g - 3*v + 110 = -v. Let i = 52 + -34. Calculate the greatest common factor of i and g.
18
Let b(a) = a**2 + 2*a + 2. Let h be b(-2). What is the greatest common factor of 6 and h?
2
Suppose 2*f = 4*o + 10, -o + 3 = 2*f - 2. Let s = o - -4. Let w(c) = 9*c**2 + 2*c + 1. Let u be w(-2). What is the greatest common factor of u and s?
3
Suppose 0 = 3*t - 5 - 4. Suppose 497 = t*q - 124. What is the highest common factor of q and 23?
23
Suppose -23 = -2*s - 4*l + 13, 2*s = -3*l + 33. What is the greatest common factor of s and 24?
12
Suppose 3*h - 7 = 2. Suppose 2*k - n - 20 = 7, 68 = h*k + 4*n. Suppose m + 3 = c - 2*c, 0 = 5*c + m - 5. Calculate the greatest common factor of c and k.
2
Let j(z) = -4*z**3 + 1. Let q be j(1). Let t be (-7)/(-3) - 2/q. What is the greatest common divisor of t and 3?
3
Let h be 17*1 - (-1 + 3). Let m = 5 - -15. Suppose -c = -m - h. What is the greatest common factor of c and 14?
7
Let r(h) = 56*h + 1. Let o be r(1). What is the highest common factor of o and 19?
19
Let c(k) = 4*k - 2*k - 3*k + 15*k**2. Let l be c(-1). Suppose 0 = 4*i - 4*p - l, 0 = 4*i + 3*p + p. Calculate the greatest common factor of 2 and i.
2
Let q = -1 - 7. Let k(i) = i**2 + 9*i + 11. Let p be k(q). Calculate the highest common factor of 3 and p.
3
Let s = 91 + -35. What is the highest common factor of s and 8?
8
Let u be (1 + -6)*20/(-25). Let h = -74 - u. Let k be h/(-9) - 2/(-6). What is the greatest common factor of 99 and k?
9
Let z(c) = -c**3 + c. Let p be z(-1). Suppose p = -4*f + 8*f - 12. Calculate the greatest common divisor of 21 and f.
3
Let g(l) = -l - 2. Let m be g(-4). Suppose m*y + 456 = 6*y. Let x be (2/(-3))/((-4)/y). Calculate the greatest common factor of x and 171.
19
Let l(x) = -149*x - 1. Let d be l(-1). Suppose -b = -61 - d. Suppose 2*q - 101 = -5*y, 5*q - y - 30 = b. What is the highest common divisor of 120 and q?
24
Let d(z